{"id":127,"date":"2014-10-18T23:08:16","date_gmt":"2014-10-18T21:08:16","guid":{"rendered":"http:\/\/gruen.watch\/?page_id=127"},"modified":"2024-11-08T23:18:20","modified_gmt":"2024-11-08T21:18:20","slug":"reisen-nach-europa","status":"publish","type":"page","link":"https:\/\/gruen.watch\/?page_id=127","title":{"rendered":"1894 &#8211; Europareisen"},"content":{"rendered":"<div id=\"pl-127\"  class=\"panel-layout\" ><div id=\"pg-127-0\"  class=\"panel-grid panel-no-style\" ><div id=\"pgc-127-0-0\"  class=\"panel-grid-cell\" ><div id=\"panel-127-0-0-0\" class=\"so-panel widget widget_black-studio-tinymce widget_black_studio_tinymce panel-first-child panel-last-child\" data-index=\"0\" ><div class=\"textwidget\"><p><figure id=\"attachment_5881\" aria-describedby=\"caption-attachment-5881\" style=\"width: 609px\" class=\"wp-caption alignright\"><a href=\"http:\/\/gruen.watch\/wp-content\/uploads\/2014\/10\/1900-12-11-Norddeutscher-Lloyd-Bremen-Deckseite-Caj\u00fcten-Passagierliste.jpg\"><img class=\"wp-image-5881 size-large\" src=\"http:\/\/gruen.watch\/wp-content\/uploads\/2014\/10\/1900-12-11-Norddeutscher-Lloyd-Bremen-Deckseite-Caj\u00fcten-Passagierliste-609x1024.jpg\" alt=\"1900-12-11, Norddeutscher Lloyd, Bremen, Deckseite Caj\u00fcten-Passagierliste\" width=\"609\" height=\"1024\" \/><\/a><figcaption id=\"caption-attachment-5881\" class=\"wp-caption-text\">Passagierliste Norddeutscher Lloyd,Bremen von 1900, (C) Peter Schill<\/figcaption><\/figure><\/p>\n<p>Durch ihre deutschen Wurzeln, die Ausbildung von Frederick Gruen in Glashuette\/Sachsen und die Gesch\u00e4ftsbeziehungen nach Deutschland und in die Schweiz mussten die Gruens oft nach Europa reisen. Die einzige M\u00f6glichkeit hierzu bestand darin, mit dem Schiff den Atlantik zu \u00fcberqueren. Obwohl bereits 1927 dem ber\u00fcmten Flugpionier Charles Lindbergh die erste alleinige Atlantik\u00fcberquerung mit einem Flugzeug von New York nach Paris gelang, dauerte es doch noch bis Mitte der 1930er Jahre, bis eine regul\u00e4re Flugverbindung zwischen Europa und den USA aufgebaut wurde. Wegen der geringen Reichweite der Flugzeuge, mussten diese aber anf\u00e4nglich bei Transatlantikfl\u00fcgen in Neufundland, Irland, Island, Madeira, den Kanaren oder den Azoren zwischenlanden.<\/p>\n<p>Der zunehmende Passagierverkehr zwischen den Kontinenten entfachte den Konkurrenzkampf der Reedereien um die schnellste Altlantik\u00fcberquerung. Das jeweils schnellste Schiff auf der Transatlantikroute von Europa nach New York erhielt das sogennante \"Blaue Band\".<\/p>\n<p>Um die Mitte des 19. Jahrhunderts dominierten britische und amerikanische Reedereien mit Raddampfern den Markt. Der Fortschritt bei dieser Technologie verk\u00fcrzte die Fahrtzeit zwischen den Seeh\u00e4fen Southhampton und New York von 14 bis auf 9 Tage. Das lukrative Gesch\u00e4ft lockte viele Reedereien, die mit neuen Schiffen und neuen Seerouten der Konkurrenz das Gesch\u00e4ft abzujagen versuchten. Neben der deutschen Hapag und dem Norddeutschen Lloyd, kamen weitere amerikanische, britische, franz\u00f6sische, niederl\u00e4ndische und belgische Reedereien auf den Markt.<\/p>\n<p>1869 schaffte die \"City of Brussels\" als erster Schraubendampfer die Fahrtzeit auf unter 8 Tage zu dr\u00fccken. 1897 gewann die \"Kaiser Wilhelm der Gro\u00dfe\" als erstes in Deutschland gebautes Schiff unter deutscher Flagge das Blaue Band und sicherte f\u00fcr die n\u00e4chsten zehn Jahre die deutsche Vormachtstellung auf diesem Gebiet. Dies war ein Schock f\u00fcr die Konkurrenz, da man das aufstrebende deutsche Kaiserreich zu Recht nicht nur wirtschaftlich als Gefahr betrachtete. <a href=\"https:\/\/homepagebaukasten.1und1.de\/xml\/wfxdirect\/preview;jsessionid=CCD54DB89A07CB0E6F800A62B6884B38.TCpfix102a#_ftnref1\" name=\"_ftn1\">[1]<\/a><\/p>\n<p>Dietrich Gruen, seine Frau, die S\u00f6hne und der ganze Rest der Familie \u00fcberquerten sp\u00e4testens nach der Gr\u00fcndung der Firma regelm\u00e4\u00dfig den Atlantik. Aus den historischen Passagierlisten der New Yorker Einwanderungsstelle auf Ellies Island, kann man die Reisen der Gruens zumindest was die Einreise nach New York angeht, nachvollziehen. <a href=\"https:\/\/homepagebaukasten.1und1.de\/xml\/wfxdirect\/preview;jsessionid=CCD54DB89A07CB0E6F800A62B6884B38.TCpfix102a#_ftnref1\" name=\"_ftn1\">[2]<\/a><\/p>\n<table border=\"0\" width=\"613\" cellspacing=\"0\" cellpadding=\"0\">\n<colgroup>\n<col width=\"394\" \/>\n<col width=\"106\" \/>\n<col width=\"114\" \/>\n<col width=\"173\" \/>\n<col width=\"205\" \/>\n<col width=\"129\" \/><\/colgroup>\n<tbody>\n<tr>\n<td class=\"xl64\" width=\"394\" height=\"20\"><b>\u00a0Passagier<\/b><\/td>\n<td class=\"xl64\" width=\"106\"><b>Abfahrtsdatum<\/b><\/td>\n<td class=\"xl65\" width=\"114\"><b>Ankunftsdatum<\/b><\/td>\n<td class=\"xl64\" width=\"173\"><b>\u00a0Schiffsname<\/b><\/td>\n<td class=\"xl64\" width=\"205\"><b>\u00a0Abfahrtshafen<\/b><\/td>\n<td class=\"xl64\" width=\"129\"><b>\u00a0Ankunftshafen<\/b><\/td>\n<\/tr>\n<tr>\n<td class=\"xl64\" width=\"394\" height=\"20\">\u00a0Dietrich Gruen<\/td>\n<td class=\"xl65\" style=\"text-align: center;\">?<\/td>\n<td class=\"xl64\" width=\"114\">\u00a024.08.1894<\/td>\n<td class=\"xl64\" width=\"173\">\u00a0Normannia<\/td>\n<td class=\"xl64\" width=\"205\">\u00a0Hamburg via Southampton<\/td>\n<td class=\"xl64\" width=\"129\">\u00a0New York<\/td>\n<\/tr>\n<tr>\n<td class=\"xl64\" width=\"394\" height=\"20\">Frederick G. Gruen<\/td>\n<td class=\"xl66\">09.06.1903<\/td>\n<td class=\"xl67\" width=\"114\">14.06.1903<\/td>\n<td class=\"xl64\" width=\"173\">Cedric<\/td>\n<td class=\"xl64\" width=\"205\">Liverpool<\/td>\n<td class=\"xl64\" width=\"129\">\u00a0New York<\/td>\n<\/tr>\n<tr>\n<td class=\"xl64\" width=\"394\" height=\"20\">Frederick G. Gruen<\/td>\n<td class=\"xl66\">12.12.1903<\/td>\n<td class=\"xl67\" width=\"114\">20.12.1903<\/td>\n<td class=\"xl64\" width=\"173\">St. Paul<\/td>\n<td class=\"xl64\" width=\"205\">Southampton<\/td>\n<td class=\"xl64\" width=\"129\">\u00a0New York<\/td>\n<\/tr>\n<tr>\n<td class=\"xl64\" width=\"394\" height=\"20\">\u00a0Dietrich Gruen<\/td>\n<td class=\"xl66\">19.06.1904<\/td>\n<td class=\"xl67\" width=\"114\">29.06.1904<\/td>\n<td class=\"xl64\" width=\"173\">Grosser Kurf\u00fcrst<\/td>\n<td class=\"xl64\" width=\"205\">Cherbourg<\/td>\n<td class=\"xl64\" width=\"129\">\u00a0New York<\/td>\n<\/tr>\n<tr>\n<td class=\"xl64\" width=\"394\" height=\"20\">\u00a0Dietrich Gruen<\/td>\n<td class=\"xl66\">22.07.1905<\/td>\n<td class=\"xl64\" width=\"114\">\u00a001.08.1905<\/td>\n<td class=\"xl64\" width=\"173\">\u00a0Bremen<\/td>\n<td class=\"xl64\" width=\"205\">\u00a0Bremen<\/td>\n<td class=\"xl64\" width=\"129\">\u00a0New York<\/td>\n<\/tr>\n<tr>\n<td class=\"xl64\" width=\"394\" height=\"20\">Frederick Gruen, Ms. F. Gruen<\/td>\n<td class=\"xl66\">06.07.1906<\/td>\n<td class=\"xl67\" width=\"114\">14.07.1906<\/td>\n<td class=\"xl64\" width=\"173\">Kaiserin Auguste Victoria<\/td>\n<td class=\"xl64\" width=\"205\">Cherbourg<\/td>\n<td class=\"xl64\" width=\"129\">\u00a0New York<\/td>\n<\/tr>\n<tr>\n<td class=\"xl64\" width=\"394\" height=\"20\">\u00a0Dietrich Gruen<\/td>\n<td class=\"xl66\">10.09.1907<\/td>\n<td class=\"xl67\" width=\"114\">18.09.1907<\/td>\n<td class=\"xl64\" width=\"173\">Kaiser Wilhelm der Gro\u00dfe<\/td>\n<td class=\"xl64\" width=\"205\">Bremen via Southampton<\/td>\n<td class=\"xl64\" width=\"129\">\u00a0New York<\/td>\n<\/tr>\n<tr>\n<td class=\"xl64\" width=\"394\" height=\"20\">\u00a0Dietrich Gruen<\/td>\n<td class=\"xl66\">29.08.1908<\/td>\n<td class=\"xl64\" width=\"114\">\u00a004.09.1908<\/td>\n<td class=\"xl64\" width=\"173\">\u00a0La Provence<\/td>\n<td class=\"xl64\" width=\"205\">Le Havre<\/td>\n<td class=\"xl64\" width=\"129\">\u00a0New York<\/td>\n<\/tr>\n<tr>\n<td class=\"xl64\" width=\"394\" height=\"20\">Frederick Gruen, Louise F. Gruen<\/td>\n<td class=\"xl66\">08.07.1909<\/td>\n<td class=\"xl67\" width=\"114\">17.07.1909<\/td>\n<td class=\"xl64\" width=\"173\">Amerika<\/td>\n<td class=\"xl64\" width=\"205\">Cuxhaven<\/td>\n<td class=\"xl64\" width=\"129\">\u00a0New York<\/td>\n<\/tr>\n<tr>\n<td class=\"xl65\" height=\"20\">George J. Gruen,\u00a0Emily Gruen<\/td>\n<td class=\"xl67\" width=\"106\">17.07.1910<\/td>\n<td class=\"xl66\">25.07.1910<\/td>\n<td class=\"xl64\" width=\"173\">Prinz Friedrich Wilhelm<\/td>\n<td class=\"xl65\">Southampton<\/td>\n<td class=\"xl64\" width=\"129\">\u00a0New York<\/td>\n<\/tr>\n<tr>\n<td class=\"xl64\" width=\"394\" height=\"20\">\u00a0Dietrich Gruen<\/td>\n<td class=\"xl66\">23.08.1910<\/td>\n<td class=\"xl64\" width=\"114\">\u00a030.08.1910<\/td>\n<td class=\"xl64\" width=\"173\">\u00a0Kaiser Wilhelm II<\/td>\n<td class=\"xl64\" width=\"205\">\u00a0Bremen<\/td>\n<td class=\"xl64\" width=\"129\">\u00a0New York<\/td>\n<\/tr>\n<tr>\n<td class=\"xl64\" width=\"394\" height=\"20\">Frederick G. Gruen<\/td>\n<td class=\"xl66\">17.05.1911<\/td>\n<td class=\"xl67\" width=\"114\">24.05.1911<\/td>\n<td class=\"xl64\" width=\"173\">Kronprinzessin Cecilie<\/td>\n<td class=\"xl64\" width=\"205\">Cherbourg<\/td>\n<td class=\"xl64\" width=\"129\">\u00a0New York<\/td>\n<\/tr>\n<tr>\n<td class=\"xl65\" height=\"20\">George J. Gruen,\u00a0Emily Gruen, George T. Gruen<\/td>\n<td class=\"xl66\">19.10.1912<\/td>\n<td class=\"xl67\" width=\"114\">25.10.1912<\/td>\n<td class=\"xl64\" width=\"173\">George Washington<\/td>\n<td class=\"xl64\" width=\"205\">Bremen<\/td>\n<td class=\"xl64\" width=\"129\">\u00a0New York<\/td>\n<\/tr>\n<tr>\n<td class=\"xl64\" width=\"394\" height=\"20\">Frederick Gruen, Louise F. Gruen<\/td>\n<td class=\"xl66\">23.07.1914<\/td>\n<td class=\"xl67\" width=\"114\">29.07.1914<\/td>\n<td class=\"xl64\" width=\"173\">Vaterland<\/td>\n<td class=\"xl64\" width=\"205\">\u00a0Southampton<\/td>\n<td class=\"xl64\" width=\"129\">\u00a0New York<\/td>\n<\/tr>\n<tr>\n<td class=\"xl64\" width=\"394\" height=\"20\">Frederick G. Gruen<\/td>\n<td class=\"xl66\">22.06.1919<\/td>\n<td class=\"xl67\" width=\"114\">30.06.1919<\/td>\n<td class=\"xl65\">La Lorraine<\/td>\n<td class=\"xl65\">Le Havre<\/td>\n<td class=\"xl65\">New York<\/td>\n<\/tr>\n<tr>\n<td class=\"xl65\" height=\"20\">George J. Gruen<\/td>\n<td class=\"xl66\">20.07.1919<\/td>\n<td class=\"xl66\">28.07.1919<\/td>\n<td class=\"xl65\">La Lorraine<\/td>\n<td class=\"xl65\">Le Havre<\/td>\n<td class=\"xl65\">New York<\/td>\n<\/tr>\n<tr>\n<td class=\"xl65\" height=\"20\">George J. Gruen<\/td>\n<td class=\"xl66\">21.05.1920<\/td>\n<td class=\"xl66\">30.05.1920<\/td>\n<td class=\"xl65\">Rotterdam<\/td>\n<td class=\"xl65\">Boulogne-Sur-Mer<\/td>\n<td class=\"xl65\">New York<\/td>\n<\/tr>\n<tr>\n<td class=\"xl64\" width=\"394\" height=\"20\">Frederick G. Gruen<\/td>\n<td class=\"xl66\">13.04.1921<\/td>\n<td class=\"xl66\">23.04.1921<\/td>\n<td class=\"xl65\">Nieuw-Amsterdam<\/td>\n<td class=\"xl65\">Boulogne-Sur-Mer<\/td>\n<td class=\"xl65\">New York<\/td>\n<\/tr>\n<tr>\n<td class=\"xl64\" width=\"394\" height=\"20\">Frederick Gruen, Louise F. Gruen<\/td>\n<td class=\"xl66\">25.10.1921<\/td>\n<td class=\"xl66\">04.11.1921<\/td>\n<td class=\"xl65\">Rotterdam<\/td>\n<td class=\"xl65\">Rotterdam<\/td>\n<td class=\"xl65\">New York<\/td>\n<\/tr>\n<tr>\n<td class=\"xl65\" height=\"20\">George J. Gruen,\u00a0Emily Gruen<\/td>\n<td class=\"xl66\">16.09.1922<\/td>\n<td class=\"xl66\">26.09.1922<\/td>\n<td class=\"xl65\">Caronia<\/td>\n<td class=\"xl65\">Hamburg<\/td>\n<td class=\"xl65\">New York<\/td>\n<\/tr>\n<tr>\n<td class=\"xl64\" width=\"394\" height=\"20\">Frederick G. Gruen, Mathilda Gruen, Margaret Gruen<\/td>\n<td class=\"xl66\">07.08.1923<\/td>\n<td class=\"xl66\">17.08.1923<\/td>\n<td class=\"xl65\">Reliance<\/td>\n<td class=\"xl65\">Hamburg<\/td>\n<td class=\"xl65\">New York<\/td>\n<\/tr>\n<tr>\n<td class=\"xl64\" width=\"394\" height=\"20\">Frederick G. Gruen<\/td>\n<td class=\"xl66\">22.04.1924<\/td>\n<td class=\"xl66\">28.04.1924<\/td>\n<td class=\"xl65\">Leviathan<\/td>\n<td class=\"xl64\" width=\"205\">Cherbourg<\/td>\n<td class=\"xl64\" width=\"129\">\u00a0New York<\/td>\n<\/tr>\n<tr>\n<td class=\"xl65\" height=\"20\">George J. Gruen<\/td>\n<td class=\"xl66\">14.09.1924<\/td>\n<td class=\"xl66\">23.09.1924<\/td>\n<td class=\"xl65\">Muenchen<\/td>\n<td class=\"xl65\">Southampton<\/td>\n<td class=\"xl65\">New York<\/td>\n<\/tr>\n<tr>\n<td class=\"xl64\" width=\"394\" height=\"20\">Frederick G. Gruen<\/td>\n<td class=\"xl66\">14.05.1927<\/td>\n<td class=\"xl66\">20.05.1927<\/td>\n<td class=\"xl65\">Mauretania<\/td>\n<td class=\"xl65\">Cherbourg<\/td>\n<td class=\"xl65\">New York<\/td>\n<\/tr>\n<tr>\n<td class=\"xl64\" width=\"394\" height=\"20\">Frederick G. Gruen<\/td>\n<td class=\"xl66\">25.06.1929<\/td>\n<td class=\"xl66\">02.07.1929<\/td>\n<td class=\"xl65\">Homeric Cherbourg<\/td>\n<td class=\"xl65\">Cherbourg<\/td>\n<td class=\"xl65\">New York<\/td>\n<\/tr>\n<tr>\n<td class=\"xl64\" width=\"394\" height=\"20\">Frederick G. Gruen<\/td>\n<td class=\"xl66\">03.05.1934<\/td>\n<td class=\"xl66\">08.05.1934<\/td>\n<td class=\"xl65\">Bremen<\/td>\n<td class=\"xl65\">Cherbourg<\/td>\n<td class=\"xl65\">New York<\/td>\n<\/tr>\n<tr>\n<td class=\"xl64\" width=\"394\" height=\"20\">Frederick G. Gruen<\/td>\n<td class=\"xl66\">21.09.1935<\/td>\n<td class=\"xl66\">26.09.1935<\/td>\n<td class=\"xl65\">Europa<\/td>\n<td class=\"xl65\">Cherbourg<\/td>\n<td class=\"xl65\">New York<\/td>\n<\/tr>\n<tr>\n<td class=\"xl64\" width=\"394\" height=\"20\">Frederick G. Gruen<\/td>\n<td class=\"xl66\">01.10.1938<\/td>\n<td class=\"xl66\">06.10.1938<\/td>\n<td class=\"xl65\">Europa<\/td>\n<td class=\"xl65\">Cherbourg<\/td>\n<td class=\"xl65\">New York<\/td>\n<\/tr>\n<tr>\n<td class=\"xl65\" height=\"20\">Frederick G. Gruen, George J. Gruen<\/td>\n<td class=\"xl66\">22.08.1939<\/td>\n<td class=\"xl66\">28.08.1939<\/td>\n<td class=\"xl65\">Bremen<\/td>\n<td class=\"xl65\">Bremen<\/td>\n<td class=\"xl65\">New York<\/td>\n<\/tr>\n<\/tbody>\n<\/table>\n<p>Ihre fast j\u00e4hrlichen \u00dcberfahrten nach Europa waren aber nicht nur rein beruflicher Natur. Die Gruens lie\u00dfen es sich nicht nehmen, immer auch noch einmal bei der Verwandtschaft in Osthofen vorbeizuschauen. Dies ist umso bemerkenswerter, wenn man bedenkt, dass die beruflichen Anlaufpunkte Glash\u00fctte in Sachsen und Biel in der Schweiz rund 550 bzw. 380 km von Osthofen entfernt lagen. Auch zu den Seeh\u00e4fen Bremen, Hamburg oder Cherbourg betrug die Fahrtstrecke mindestens 500 km. Ohne das gut ausgebaute Netz an Fernstra\u00dfen von heute und nur mit der Eisenbahn war dies damals eine langwierige und beschwerliche Reise.<\/p>\n<p><figure id=\"attachment_5879\" aria-describedby=\"caption-attachment-5879\" style=\"width: 768px\" class=\"wp-caption aligncenter\"><a href=\"http:\/\/gruen.watch\/wp-content\/uploads\/2014\/10\/2014-07-13-11.58.37.jpg\"><img class=\"wp-image-5879 size-full\" src=\"http:\/\/gruen.watch\/wp-content\/uploads\/2014\/10\/2014-07-13-11.58.37.jpg\" alt=\"2014-07-13 11.58.37\" width=\"768\" height=\"1024\" \/><\/a><figcaption id=\"caption-attachment-5879\" class=\"wp-caption-text\">G\u00e4stebucheintrag von George Gruen bei den Verwandten Schill in Osthofen vom 7. Mai 1920, (C) Peter Schill<\/figcaption><\/figure><\/p>\n<p>Die Besuche in Osthofen sind fast vollst\u00e4ndig als G\u00e4stebucheintr\u00e4ge beim Vetter von Dietrich Gruen, Hr. Kommerzienrat Carl Schill und seiner Familie dokumentiert. W\u00e4hrend Dietrich Gruen die Eintr\u00e4ge \u00fcberwiegend in seiner Muttersprache Deutsch verfasste, schrieben seine S\u00f6hne Frederick und George meist in Englisch, obwohl einige wenige deutsche Eintr\u00e4ge auch belegen, dass sie die Sprache ihrerer Vorfahren durchaus auch beherrschten.<\/p>\n<p>Ab 1903 bis 1912 erfolgten die Besuche fast regelm\u00e4\u00dfig jedes Jahr, zumeist im Fr\u00fchjahr. Kriegsbedingt gab es dann eine Pause und die Besuche wurde ab 1920 wieder im Jahresrhythmus fortgef\u00fchrt. Ab Mitte der 1920er Jahre wurden dann die Besuche seltener und der letzte Eintrag datiert von 1937, was neben den politischen Verh\u00e4ltnissen in Deutschland auch mit der zunehmenderen Komplexit\u00e4t des Gesch\u00e4fts in den USA und dem Alter der Gruens zusammenh\u00e4ngen d\u00fcrfte.<\/p>\n<p>Interessant ist auch der Zwiespalt, dem sich die Gruens als deutschst\u00e4mmige Amerikaner w\u00e4hrend des ersten Weltkrieges ausgesetzt sahen. Bezeichnend ist der G\u00e4stebucheintrag von George Gruen, an seinem ersten Besuch nach dem Krieg in Deutschland: \"First visit by one of the enemy before the ratification of the Treaty of Peace but there is peace + happiness between us + the Osthofener friends. Georg J. Gruen, May 7 - 1920, Cincinnati O.USA\" (Erster Besuch von einem der Feinde vor der Ratifizierung des Friedensabkommens - aber es gibt Friede und\u00a0Fr\u00f6hlichkeit zwischen uns und den Osthofener Freunden. Georg J. Gruen, 7. Mai 1920, Cincinnati\/Ohio, USA\".<\/p>\n<hr \/>\n<p><a href=\"https:\/\/homepagebaukasten.1und1.de\/xml\/wfxdirect\/preview;jsessionid=CCD54DB89A07CB0E6F800A62B6884B38.TCpfix102a#_ftnref1\" name=\"_ftn1\">[1]<\/a> N.N.: http:\/\/www.wikipedia.org\/wiki\/Blaues_Band<br \/>\n<a href=\"https:\/\/homepagebaukasten.1und1.de\/xml\/wfxdirect\/preview;jsessionid=CCD54DB89A07CB0E6F800A62B6884B38.TCpfix102a#_ftnref1\" name=\"_ftn1\">[2]<\/a> N.N.: The Statue of Liberty-Ellis Island Foundation Inc, http:\/\/www.ellisisland.org<\/p>\n<\/div><\/div><\/div><\/div><\/div>","protected":false},"excerpt":{"rendered":"<p>Durch ihre deutschen Wurzeln, die Ausbildung von Frederick Gruen in Glashuette\/Sachsen und die Gesch\u00e4ftsbeziehungen nach Deutschland und in die Schweiz mussten die Gruens oft nach Europa reisen. Die einzige M\u00f6glichkeit hierzu bestand darin, mit dem Schiff den Atlantik zu \u00fcberqueren. Obwohl bereits 1927 dem ber\u00fcmten Flugpionier Charles Lindbergh die erste alleinige Atlantik\u00fcberquerung mit einem Flugzeug &hellip; <\/p>\n<p class=\"link-more\"><a href=\"https:\/\/gruen.watch\/?page_id=127\" class=\"more-link\"><span class=\"screen-reader-text\">\u201e1894 &#8211; Europareisen\u201c<\/span> weiterlesen<\/a><\/p>\n","protected":false},"author":1,"featured_media":0,"parent":49,"menu_order":7,"comment_status":"closed","ping_status":"open","template":"","meta":[],"_links":{"self":[{"href":"https:\/\/gruen.watch\/index.php?rest_route=\/wp\/v2\/pages\/127"}],"collection":[{"href":"https:\/\/gruen.watch\/index.php?rest_route=\/wp\/v2\/pages"}],"about":[{"href":"https:\/\/gruen.watch\/index.php?rest_route=\/wp\/v2\/types\/page"}],"author":[{"embeddable":true,"href":"https:\/\/gruen.watch\/index.php?rest_route=\/wp\/v2\/users\/1"}],"replies":[{"embeddable":true,"href":"https:\/\/gruen.watch\/index.php?rest_route=%2Fwp%2Fv2%2Fcomments&post=127"}],"version-history":[{"count":15,"href":"https:\/\/gruen.watch\/index.php?rest_route=\/wp\/v2\/pages\/127\/revisions"}],"predecessor-version":[{"id":18267,"href":"https:\/\/gruen.watch\/index.php?rest_route=\/wp\/v2\/pages\/127\/revisions\/18267"}],"up":[{"embeddable":true,"href":"https:\/\/gruen.watch\/index.php?rest_route=\/wp\/v2\/pages\/49"}],"wp:attachment":[{"href":"https:\/\/gruen.watch\/index.php?rest_route=%2Fwp%2Fv2%2Fmedia&parent=127"}],"curies":[{"name":"wp","href":"https:\/\/api.w.org\/{rel}","templated":true}]}}