{"id":25,"date":"2014-10-18T01:03:04","date_gmt":"2014-10-17T23:03:04","guid":{"rendered":"http:\/\/gruen.watch\/?page_id=25"},"modified":"2016-06-29T02:03:31","modified_gmt":"2016-06-29T00:03:31","slug":"kindheit-und-jugend","status":"publish","type":"page","link":"https:\/\/gruen.watch\/?page_id=25","title":{"rendered":"1814 &#8211; Osthofen"},"content":{"rendered":"<p><figure id=\"attachment_28\" aria-describedby=\"caption-attachment-28\" style=\"width: 300px\" class=\"wp-caption alignleft\"><a href=\"http:\/\/gruen.watch\/wp-content\/uploads\/2014\/10\/Osthfen-im-Jahr-1842-klein.jpg\"><img loading=\"lazy\" class=\"wp-image-28 size-medium\" src=\"http:\/\/gruen.watch\/wp-content\/uploads\/2014\/10\/Osthfen-im-Jahr-1842-klein-300x225.jpg\" alt=\" Osthofen im Jahr 1842, gezeichnet von Christian Sch\u00fcler, Stahlstich von J.Umbach, Foto: Peter Schill\" width=\"300\" height=\"225\" srcset=\"https:\/\/gruen.watch\/wp-content\/uploads\/2014\/10\/Osthfen-im-Jahr-1842-klein-300x225.jpg 300w, https:\/\/gruen.watch\/wp-content\/uploads\/2014\/10\/Osthfen-im-Jahr-1842-klein-350x263.jpg 350w, https:\/\/gruen.watch\/wp-content\/uploads\/2014\/10\/Osthfen-im-Jahr-1842-klein-150x113.jpg 150w, https:\/\/gruen.watch\/wp-content\/uploads\/2014\/10\/Osthfen-im-Jahr-1842-klein-1024x768.jpg 1024w\" sizes=\"(max-width: 300px) 100vw, 300px\" \/><\/a><figcaption id=\"caption-attachment-28\" class=\"wp-caption-text\">Osthofen im Jahr 1842 [a]<\/figcaption><\/figure>Die Familie Gr\u00fcn kam urspr\u00fcnglich aus Eppelsheim im rheinhessischen H\u00fcgelland, wo die Gr\u00fcns \u00fcber Generationen Landwirtschaft betrieben.\u00a0Der Vater von Dietrich Gruen, Johann Georg Gr\u00fcn, sowie seine drei Schwestern [1] wurden schon fr\u00fch Vollwaisen. Seine Mutter\u00a0Katharina Elisabeth Gr\u00fcn starb im Alter von 31 Jahren, als der \u00e4lteste Sohn gerade einmal acht Jahre alt war und kurz vor dem ersten Geburtstag ihrer\u00a0j\u00fcngsten Tochter. \u00a0Nur zwei Jahre sp\u00e4ter, im Jahr 1814, verstarb auch der\u00a0Vater Kaspar Gr\u00fcn im Alter von nur 38 Jahren und machte die vier Kinder zu Vollwaisen.[2]<\/p>\n<p>Es ist anzunehmen, dass der \u00e4lteste Bruder des fr\u00fch verstorbenen Kaspar Gr\u00fcn, Johann Georg Gr\u00fcn[3], die verwaisten Kinder bei sich aufnahm. Er wohnte mit seiner Frau Anna Elisabeth Gr\u00fcn geb. Rissler im \u00a0Haus Nr. 272 in der Tempelgasse \u00a0in Osthofen, wodurch diese von Eppelsheim nach Osthofen umzogen.<\/p>\n<p>Das \u00e4lteste der Waisenkinder, der einzige Sohn und sp\u00e4tere Vater des Uhrmachers Dietrich Gr\u00fcn, Johann Georg Gr\u00fcn, erlernte das Schuhmacherhandwerk und heiratete am 31.8.1830 die aus Osthofen stammende Susanne Weygand.[4]<\/p>\n<p><figure id=\"attachment_11241\" aria-describedby=\"caption-attachment-11241\" style=\"width: 225px\" class=\"wp-caption alignright\"><a href=\"http:\/\/gruen.watch\/wp-content\/uploads\/2014\/10\/Grabstein-Joh.-Georg-Gruen-Bergfriedhof-Osthofen.jpg\"><img loading=\"lazy\" class=\"wp-image-11241 size-medium\" src=\"http:\/\/gruen.watch\/wp-content\/uploads\/2014\/10\/Grabstein-Joh.-Georg-Gruen-Bergfriedhof-Osthofen-225x300.jpg\" alt=\"Grabstein Joh. Georg Gruen, Bergfriedhof Osthofen\" width=\"225\" height=\"300\" srcset=\"https:\/\/gruen.watch\/wp-content\/uploads\/2014\/10\/Grabstein-Joh.-Georg-Gruen-Bergfriedhof-Osthofen-225x300.jpg 225w, https:\/\/gruen.watch\/wp-content\/uploads\/2014\/10\/Grabstein-Joh.-Georg-Gruen-Bergfriedhof-Osthofen-350x467.jpg 350w, https:\/\/gruen.watch\/wp-content\/uploads\/2014\/10\/Grabstein-Joh.-Georg-Gruen-Bergfriedhof-Osthofen-113x150.jpg 113w, https:\/\/gruen.watch\/wp-content\/uploads\/2014\/10\/Grabstein-Joh.-Georg-Gruen-Bergfriedhof-Osthofen.jpg 768w\" sizes=\"(max-width: 225px) 100vw, 225px\" \/><\/a><figcaption id=\"caption-attachment-11241\" class=\"wp-caption-text\">Grabstein Joh. Georg Gruen, Bergfriedhof Osthofen [b]<\/figcaption><\/figure>Das Paar hatte sieben Kinder:<\/p>\n<ul>\n<li>Georg Gr\u00fcn (geb. 29.5.1831, gest.1863 im B\u00fcrgerkrieg USA), benannt nach dem Vater<\/li>\n<li>Anna Maria Gr\u00fcn\u00a0 (geb. 13.7.1833,gest. 10.05.1834), noch als Kleinkind verstorben, benannt nach der \u00e4ltesten Tante<\/li>\n<li>Johann Gr\u00fcn (geb. 8.5.1835,Sterbedatum nicht bekannt),\u00a0 benannt mit dem Traditionsnamen der Familie<\/li>\n<li>Susanne Margarethe Gr\u00fcn (geb. 15.2.1837, gest. 5.11.1876) , benannt nach der j\u00fcngsten Tante<\/li>\n<li>Jakob Gr\u00fcn (geb. 12.7.1839, gest. Sterbedatum nicht bekannt)<\/li>\n<li>Christine Gr\u00fcn (geb. 18.3.1845, gest. Sterbedatum nicht bekannt)<\/li>\n<li>Dietrich Gr\u00fcn (geb. 22.2.1847, gest. 11.4.1911)<\/li>\n<\/ul>\n<p>Die S\u00f6hne Georg und Jakob wurden\u00a0 wie ihr Vater Schuhmacher. Johann erlernte das Handwerk des K\u00fcfers. Der K\u00fcfer war zu jener Zeit ein wichtiger Beruf in Rheinhessen, da die vielen Winzer der Region ihren Wein in Holzf\u00e4ssern lagerten und transportierten, und diese regelm\u00e4\u00dfig repariert und erneuert werden mussten.\u00a0Der j\u00fcngste Sohn Dietrich, der sp\u00e4ter die Gruen Watch Company gr\u00fcnden sollte, wurde Uhrmacher.\u00a0Au\u00dfer der Tochter Susanne Margarethe Gruen, die den Schuhmacher Johann Br\u00fcckmann aus Kettenheim heiratete und sp\u00e4ter mit ihm im Haus Nr. 536 in der Tempelgasse in Osthofen wohnte, wanderten sp\u00e4ter alle Kinder in die USA aus.<\/p>\n<p><figure id=\"attachment_29\" aria-describedby=\"caption-attachment-29\" style=\"width: 300px\" class=\"wp-caption alignleft\"><a href=\"http:\/\/gruen.watch\/wp-content\/uploads\/2014\/10\/ELternhaus-Dietrich-Gruen-klein.jpg\"><img loading=\"lazy\" class=\"size-medium wp-image-29\" src=\"http:\/\/gruen.watch\/wp-content\/uploads\/2014\/10\/ELternhaus-Dietrich-Gruen-klein-300x224.jpg\" alt=\"Mutma\u00dfliches Elternhaus von Dietrich Gruen, Tempelgasse 14, Osthofen Foto: Peter Schill, Oktber 2013\" width=\"300\" height=\"224\" srcset=\"https:\/\/gruen.watch\/wp-content\/uploads\/2014\/10\/ELternhaus-Dietrich-Gruen-klein-300x224.jpg 300w, https:\/\/gruen.watch\/wp-content\/uploads\/2014\/10\/ELternhaus-Dietrich-Gruen-klein-350x262.jpg 350w, https:\/\/gruen.watch\/wp-content\/uploads\/2014\/10\/ELternhaus-Dietrich-Gruen-klein-150x112.jpg 150w, https:\/\/gruen.watch\/wp-content\/uploads\/2014\/10\/ELternhaus-Dietrich-Gruen-klein-1024x765.jpg 1024w\" sizes=\"(max-width: 300px) 100vw, 300px\" \/><\/a><figcaption id=\"caption-attachment-29\" class=\"wp-caption-text\">Mutma\u00dfliches Elternhaus von Dietrich Gruen [c]<\/figcaption><\/figure>\u00a0Das Elternhaus des Dietrich Gr\u00fcn war wahrscheinlich das\u00a0Haus Nr. 535 (heute Tempelgasse 14) in Osthofen. Obwohl es hierzu keine gesicherten Aufzeichnungen gibt, ist zu vermuten, dass dieses Haus, nachdem das Gros der Kinder ausgewandert war,\u00a0nach dem\u00a0Tod von Johann Georg Gr\u00fcn im Jahr 1865 bzw. seiner Frau Susanne Gr\u00fcn, geb. Weygand, im Jahr 1869 an\u00a0einen\u00a0Verwandten, vermutlich einen Nachkommen des 1771 geborenen Johann Georg Gr\u00fcn fiel (nicht zu verwechseln mit dem gleichnamigen Vater von Dietrich Gr\u00fcn, der 1804 geboren wurde).\u00a0Bei der Volksz\u00e4hlung 1875 wurde im Haus Nr. 535 (heute Tempelgasse 14) ein Georg Gr\u00fcn II\u00a0 verzeichnet.<\/p>\n<p>Obwohl die Gruens in der unmittelbaren Nachbarschaft der katholischen Kirche in Osthofen wohnten, geh\u00f6rten sie\u00a0dem reformierten Glauben an.<\/p>\n<p>&nbsp;<\/p>\n<p>&nbsp;<\/p>\n<hr \/>\n<div>[1] Johann Georg Gr\u00fcn (geb. 9.9.1804, gest. 4.10.1865), Anna Maria (geb. 11.10.1806 , gest.27.12.1877), Katharina Elisabeth (geb. 5.5.1809 , Sterbedatum nicht bekannt) und\u00a0 Susanne Margarethe (geb. 27.10.1811, gest. 25.3.1874), Quelle: Konrad, Walter (Osthofen): private Aufzeichnungen<br \/>\n[2]\u00a0Katharina Elisabeth Gr\u00fcn geb. Lawall \u00a0(geb. 11.10.1781, gest. 25.10.1812), Kaspar Gr\u00fcn (geb. 14.1.1776, gest. 13.2.1814),\u00a0Quelle: Konrad, Walter (Osthofen): private Aufzeichnungen<br \/>\n[3] Johann Georg Gr\u00fcn, geb.14.5.1771 in Eppelsheim, gest. 24.11.1840 in Osthofen,Quelle: Konrad, Walter (Osthofen): private Aufzeichnungen<br \/>\n[4] Susanne Weygand (geb. 15.3.1803, gest. 22.11.1869),\u00a0Quelle: Konrad, Walter (Osthofen): private Aufzeichnungen<\/div>\n<p>[a]\u00a0 gezeichnet von Christian Sch\u00fcler, Stahlstich von J.Umbach, Foto: Peter Schill<br \/>\n[b] \u00a0Der Original Grabstein wurde an einem prominenten Platz\u00a0in unmittelbarer N\u00e4he der Bergkirche in Osthofen zur Erinnerung an den Vater von Dietrich Gruen und die gesamte Familie Gruen aufgestellt. Foto: Peter Schill, Juni 2016<br \/>\n[c] Tempelgasse 14, Osthofen,\u00a0Foto: Peter Schill, Oktober 2013<\/p>\n","protected":false},"excerpt":{"rendered":"<p>Die Familie Gr\u00fcn kam urspr\u00fcnglich aus Eppelsheim im rheinhessischen H\u00fcgelland, wo die Gr\u00fcns \u00fcber Generationen Landwirtschaft betrieben.\u00a0Der Vater von Dietrich Gruen, Johann Georg Gr\u00fcn, sowie seine drei Schwestern [1] wurden schon fr\u00fch Vollwaisen. Seine Mutter\u00a0Katharina Elisabeth Gr\u00fcn starb im Alter von 31 Jahren, als der \u00e4lteste Sohn gerade einmal acht Jahre alt war und kurz &hellip; <\/p>\n<p class=\"link-more\"><a href=\"https:\/\/gruen.watch\/?page_id=25\" class=\"more-link\"><span class=\"screen-reader-text\">\u201e1814 &#8211; Osthofen\u201c<\/span> weiterlesen<\/a><\/p>\n","protected":false},"author":1,"featured_media":0,"parent":49,"menu_order":0,"comment_status":"closed","ping_status":"open","template":"","meta":[],"_links":{"self":[{"href":"https:\/\/gruen.watch\/index.php?rest_route=\/wp\/v2\/pages\/25"}],"collection":[{"href":"https:\/\/gruen.watch\/index.php?rest_route=\/wp\/v2\/pages"}],"about":[{"href":"https:\/\/gruen.watch\/index.php?rest_route=\/wp\/v2\/types\/page"}],"author":[{"embeddable":true,"href":"https:\/\/gruen.watch\/index.php?rest_route=\/wp\/v2\/users\/1"}],"replies":[{"embeddable":true,"href":"https:\/\/gruen.watch\/index.php?rest_route=%2Fwp%2Fv2%2Fcomments&post=25"}],"version-history":[{"count":35,"href":"https:\/\/gruen.watch\/index.php?rest_route=\/wp\/v2\/pages\/25\/revisions"}],"predecessor-version":[{"id":11255,"href":"https:\/\/gruen.watch\/index.php?rest_route=\/wp\/v2\/pages\/25\/revisions\/11255"}],"up":[{"embeddable":true,"href":"https:\/\/gruen.watch\/index.php?rest_route=\/wp\/v2\/pages\/49"}],"wp:attachment":[{"href":"https:\/\/gruen.watch\/index.php?rest_route=%2Fwp%2Fv2%2Fmedia&parent=25"}],"curies":[{"name":"wp","href":"https:\/\/api.w.org\/{rel}","templated":true}]}}