{"id":9746,"date":"2016-04-11T01:54:22","date_gmt":"2016-04-10T23:54:22","guid":{"rendered":"http:\/\/gruen.watch\/?page_id=9746"},"modified":"2016-04-11T01:54:22","modified_gmt":"2016-04-10T23:54:22","slug":"arbeitsteilung-in-der-uhrenindustrie","status":"publish","type":"page","link":"https:\/\/gruen.watch\/?page_id=9746","title":{"rendered":"Arbeitsteilung in der Uhrenindustrie"},"content":{"rendered":"<p>Im vorindustriellen Zeitalter\u00a0wurden Taschenuhren von handwerklichen Uhrmachern in Einzelanfertigung hergestellt, eingehaust und im eigenen Laden verkauft. Als mit dem Einzug der Maschinenfertigung Uhren in gro\u00dfen St\u00fcckzahlen hergestellt\u00a0werden konnten, entkoppelte sich der Vertrieb und die Herstellung von Uhrwerken und Uhrengeh\u00e4usen, die von verschiedenen Herstellern durchgef\u00fchrt wurde. Die fertigen Uhren wurden erst beim Uhrmacher, der zunehmend die Eigenfertigung aufgab, fertig montiert, justiert und anschlie\u00dfend verkauft.<\/p>\n<figure id=\"attachment_8502\" aria-describedby=\"caption-attachment-8502\" style=\"width: 300px\" class=\"wp-caption alignright\"><a href=\"http:\/\/gruen.watch\/wp-content\/uploads\/2016\/01\/Gruen-Precision-Watch-C.-H.-Case-Co.-1.jpg\"><img loading=\"lazy\" class=\"wp-image-8502 size-medium\" src=\"http:\/\/gruen.watch\/wp-content\/uploads\/2016\/01\/Gruen-Precision-Watch-C.-H.-Case-Co.-1-300x200.jpg\" alt=\"Gruen Precision Watch C. H. Case &amp; Co. (1)\" width=\"300\" height=\"200\" srcset=\"https:\/\/gruen.watch\/wp-content\/uploads\/2016\/01\/Gruen-Precision-Watch-C.-H.-Case-Co.-1-300x200.jpg 300w, https:\/\/gruen.watch\/wp-content\/uploads\/2016\/01\/Gruen-Precision-Watch-C.-H.-Case-Co.-1-350x233.jpg 350w, https:\/\/gruen.watch\/wp-content\/uploads\/2016\/01\/Gruen-Precision-Watch-C.-H.-Case-Co.-1-150x100.jpg 150w, https:\/\/gruen.watch\/wp-content\/uploads\/2016\/01\/Gruen-Precision-Watch-C.-H.-Case-Co.-1.jpg 1024w\" sizes=\"(max-width: 300px) 100vw, 300px\" \/><\/a><figcaption id=\"caption-attachment-8502\" class=\"wp-caption-text\">Gruen Precision Watch von ca. 1903-1910 mit zus\u00e4tzlicher Bezeichnung des Uhrmachers C.H. Case &amp; Co. aus Hartford, CT, Foto mit freundlicher Genehmigung von fhwatch (http:\/\/www.ebay.com\/sch\/fhwatch\/m.html?)<\/figcaption><\/figure>\n<p>Um zu kaschieren, dass die Uhrwerke keine Eigenproduktion mehr waren, wurden noch bis Anfang des 20. Jahrhunderts viele Uhren auf dem Zifferblatt und teilweise auch dem Uhrwerk mit dem Namen des Uhrmachers versehen. Die Hersteller der Uhrwerke sahen dies nicht gerne, da ihnen damit ein wichtiger Hebel\u00a0f\u00fcr ihre\u00a0Markenbildung genommen wurde. Von Hans Wilsdorf, dem Gr\u00fcnder der Uhrenmarke Rolex, ist \u00fcberliefert, dass er sozusagen in Guerilla-Manier die von ihm belieferten Uhrmacher dazu brachte, Rolex-Uhren zu verkaufen. Da de Uhren in 6er-Kartons an die H\u00e4ndler und Uhrmacher ausgeliefert wurden, best\u00fcckte er zun\u00e4chst nur eine von 6 Uhren mit seinem Markennamen, sp\u00e4ter zwei und dann immer mehr.[1]<\/p>\n<p>Ab\u00a01900 und zunehmend ab 1910 kurbelten\u00a0viele Uhrwerkshersteller die Nachfrage nach ihren Produkten auch durch\u00a0Anzeigenwerbung in lokalen und \u00fcberregionalen Zeitungen und Zeitschriften an. Die lokalen Uhrmacher merkten recht schnell die st\u00e4rkere Nachfrage nach diesen beworbenen Uhrmarken, wodurch die Verkaufszahlen stetig stiegen. Die Bedeutung der lokalen Uhrmacher und ihrer handwerklichen Marken nahm in der Folge immer mehr zur\u00fcck, so dass den Uhrmachern zunehmend die Rolle von\u00a0Verkaufs- und Reparturbetrieben zufiel. Sp\u00e4testens ab den 1920er Jahren und dem Aufkommen der Arbanduhren hatte sich das Bild dann komplett gedreht, da es kaum noch\u00a0Uhrmacher gab, die eigene Uhren herstellten oder zukaufte Uhren mit eigenem Namen versahen.<\/p>\n<figure id=\"attachment_9732\" aria-describedby=\"caption-attachment-9732\" style=\"width: 300px\" class=\"wp-caption alignleft\"><a href=\"http:\/\/gruen.watch\/wp-content\/uploads\/2016\/04\/Gruen-Precision-Curvex-311-228-5.jpg\"><img loading=\"lazy\" class=\"wp-image-9732 size-medium\" src=\"http:\/\/gruen.watch\/wp-content\/uploads\/2016\/04\/Gruen-Precision-Curvex-311-228-5-300x200.jpg\" alt=\"Gruen Precision Curvex, 311-228 (5)\" width=\"300\" height=\"200\" srcset=\"https:\/\/gruen.watch\/wp-content\/uploads\/2016\/04\/Gruen-Precision-Curvex-311-228-5-300x200.jpg 300w, https:\/\/gruen.watch\/wp-content\/uploads\/2016\/04\/Gruen-Precision-Curvex-311-228-5-350x233.jpg 350w, https:\/\/gruen.watch\/wp-content\/uploads\/2016\/04\/Gruen-Precision-Curvex-311-228-5-150x100.jpg 150w, https:\/\/gruen.watch\/wp-content\/uploads\/2016\/04\/Gruen-Precision-Curvex-311-228-5.jpg 1024w\" sizes=\"(max-width: 300px) 100vw, 300px\" \/><\/a><figcaption id=\"caption-attachment-9732\" class=\"wp-caption-text\">Uhrengeh\u00e4use einer Gruen Curvex von Wadsworth, Foto mit freundlicher Genehmigung von clint16 (http:\/\/www.ebay.com\/sch\/clint16\/m.html?)<\/figcaption><\/figure>\n<p>Dennoch blieb die Arbeitsteilung zwischen Uhrwerks- und Uhrgeh\u00e4useherstellern weitgehend erhalten. Zunehmend kauften aber die Uhrwerkshersteller\u00a0bestehende Geh\u00e4usehersteller auf oder bauten eine eigene Fertigung auf, so dass\u00a0vielfach\u00a0nur noch Sondermodelle oder Produktionsspitzen \u00fcber Dritthersteller abgedeckt wurden. \u00a0Au\u00dferdem wurde die Ferigung abh\u00e4ngig vom Material der Uhrengeh\u00e4use teilweise ausgelagert, da massive Goldgeh\u00e4use\u00a0eine andere Fertigung und Sicherheitsstufe erforderten als beispielsweise die fr\u00fchen Nickel- oder die sp\u00e4teren vergoldeten oder Edelstahlgeh\u00e4use.<\/p>\n<p>Die Fa. Gruen hatte schon fr\u00fch enge gesch\u00e4ftliche Beziehungen zur\u00a0 Queen City Watch Case Mfg Co. aus Cincinnatti\/OH aufgebaut. Als Gruen &amp; Sons dann im August\u00a01898 von Columbus nach Cincinnatti umzog, bezog man R\u00e4umlichkeiten im selben Geb\u00e4ude wie die\u00a0 Queen City Watch Case Mfg Co. Zugleich wurde Gruen Generalvertreter und einige Jahre sp\u00e4ter exklusiver Vertreter\u00a0der handgefertigten Uhrengeh\u00e4use von Queen City. Somit war der Schritt nicht mehr weit bis zur vollst\u00e4ndigen \u00dcbernahme und Umbennenung in &#8222;The Gruen National Watch Case Company of Cincinnati&#8220; im Jahr 1902. Allerdings sollte es noch zwanzig Jahre bis zum Jahr 1922 dauern, bis die Tochtergesellschaft mit der Muttergesellschaft verschmolzen wurde.[2]<\/p>\n<p>Im Laufe der Jahre arbeite Gruen auch noch mit vielen anderen Geh\u00e4useherstellern zusammen. Namen, die sich h\u00e4ufig im Inneren der Uhrendeckel von Gruen-Uhren wiederfinden sind u.a. in abnehmender Bedeutung:\u00a0Wadsworth Watch Case Co.,\u00a0Star Watch Case Co.,\u00a0Fahys Watch Case Company,\u00a0Albert Weber Uhren-Geh\u00e4use Fabrik, and\u00a0Solidarity Watch Case Co.<\/p>\n<p>&nbsp;<\/p>\n<p>_______________<\/p>\n<p>[1] N.N.:\u00a0Die Rolex-Story: Die Legende Rolex, Bilanz &#8211; Das Schweizer Wirtschaftsmagazin,\u00a0http:\/\/www.bilanz.ch\/unternehmen\/die-rolex-story-die-legende-rolex, 11.4.2016<br \/>\n[2] Kent (National Association of Watch &amp; Clock Collectors):\u00a0Queen City Watch Case Mfg Co.,\u00a0http:\/\/mb.nawcc.org\/showwiki.php?title=Queen_City_Watch_Case_Mfg_Co, 11.4.2016<\/p>\n<p>&nbsp;<\/p>\n","protected":false},"excerpt":{"rendered":"<p>Im vorindustriellen Zeitalter\u00a0wurden Taschenuhren von handwerklichen Uhrmachern in Einzelanfertigung hergestellt, eingehaust und im eigenen Laden verkauft. Als mit dem Einzug der Maschinenfertigung Uhren in gro\u00dfen St\u00fcckzahlen hergestellt\u00a0werden konnten, entkoppelte sich der Vertrieb und die Herstellung von Uhrwerken und Uhrengeh\u00e4usen, die von verschiedenen Herstellern durchgef\u00fchrt wurde. Die fertigen Uhren wurden erst beim Uhrmacher, der zunehmend die &hellip; <\/p>\n<p class=\"link-more\"><a href=\"https:\/\/gruen.watch\/?page_id=9746\" class=\"more-link\"><span class=\"screen-reader-text\">\u201eArbeitsteilung in der Uhrenindustrie\u201c<\/span> weiterlesen<\/a><\/p>\n","protected":false},"author":1,"featured_media":0,"parent":189,"menu_order":0,"comment_status":"closed","ping_status":"closed","template":"","meta":[],"_links":{"self":[{"href":"https:\/\/gruen.watch\/index.php?rest_route=\/wp\/v2\/pages\/9746"}],"collection":[{"href":"https:\/\/gruen.watch\/index.php?rest_route=\/wp\/v2\/pages"}],"about":[{"href":"https:\/\/gruen.watch\/index.php?rest_route=\/wp\/v2\/types\/page"}],"author":[{"embeddable":true,"href":"https:\/\/gruen.watch\/index.php?rest_route=\/wp\/v2\/users\/1"}],"replies":[{"embeddable":true,"href":"https:\/\/gruen.watch\/index.php?rest_route=%2Fwp%2Fv2%2Fcomments&post=9746"}],"version-history":[{"count":1,"href":"https:\/\/gruen.watch\/index.php?rest_route=\/wp\/v2\/pages\/9746\/revisions"}],"predecessor-version":[{"id":9748,"href":"https:\/\/gruen.watch\/index.php?rest_route=\/wp\/v2\/pages\/9746\/revisions\/9748"}],"up":[{"embeddable":true,"href":"https:\/\/gruen.watch\/index.php?rest_route=\/wp\/v2\/pages\/189"}],"wp:attachment":[{"href":"https:\/\/gruen.watch\/index.php?rest_route=%2Fwp%2Fv2%2Fmedia&parent=9746"}],"curies":[{"name":"wp","href":"https:\/\/api.w.org\/{rel}","templated":true}]}}